[INFO] cloning repository https://github.com/singular1ty94/rustlike
[INFO] running `Command { std: "git" "-c" "credential.helper=" "-c" "credential.helper=/workspace/cargo-home/bin/git-credential-null" "clone" "--bare" "https://github.com/singular1ty94/rustlike" "/workspace/cache/git-repos/https%3A%2F%2Fgithub.com%2Fsingular1ty94%2Frustlike", kill_on_drop: false }`
[INFO] [stderr] Cloning into bare repository '/workspace/cache/git-repos/https%3A%2F%2Fgithub.com%2Fsingular1ty94%2Frustlike'...
[INFO] running `Command { std: "git" "rev-parse" "HEAD", kill_on_drop: false }`
[INFO] [stdout] 5c563aeef618c1a7b8e42d6eaafeb8ba65d54397
[INFO] checking singular1ty94/rustlike against master#af3c6e733a40e671550e0f0f5aeecaa13772ba56 for pr-74989
[INFO] running `Command { std: "git" "clone" "/workspace/cache/git-repos/https%3A%2F%2Fgithub.com%2Fsingular1ty94%2Frustlike" "/workspace/builds/worker-1/source", kill_on_drop: false }`
[INFO] [stderr] Cloning into '/workspace/builds/worker-1/source'...
[INFO] [stderr] done.
[INFO] validating manifest of git repo https://github.com/singular1ty94/rustlike on toolchain af3c6e733a40e671550e0f0f5aeecaa13772ba56
[INFO] running `Command { std: "/workspace/cargo-home/bin/cargo" "+af3c6e733a40e671550e0f0f5aeecaa13772ba56" "read-manifest" "--manifest-path" "Cargo.toml", kill_on_drop: false }`
[INFO] started tweaking git repo https://github.com/singular1ty94/rustlike
[INFO] finished tweaking git repo https://github.com/singular1ty94/rustlike
[INFO] tweaked toml for git repo https://github.com/singular1ty94/rustlike written to /workspace/builds/worker-1/source/Cargo.toml
[INFO] crate git repo https://github.com/singular1ty94/rustlike already has a lockfile, it will not be regenerated
[INFO] running `Command { std: "/workspace/cargo-home/bin/cargo" "+af3c6e733a40e671550e0f0f5aeecaa13772ba56" "fetch" "--locked" "--manifest-path" "Cargo.toml", kill_on_drop: false }`
[INFO] running `Command { std: "docker" "create" "-v" "/var/lib/crater-agent-workspace/builds/worker-1/target:/opt/rustwide/target:rw,Z" "-v" "/var/lib/crater-agent-workspace/builds/worker-1/source:/opt/rustwide/workdir:ro,Z" "-v" "/var/lib/crater-agent-workspace/cargo-home:/opt/rustwide/cargo-home:ro,Z" "-v" "/var/lib/crater-agent-workspace/rustup-home:/opt/rustwide/rustup-home:ro,Z" "-e" "SOURCE_DIR=/opt/rustwide/workdir" "-e" "CARGO_TARGET_DIR=/opt/rustwide/target" "-e" "CARGO_HOME=/opt/rustwide/cargo-home" "-e" "RUSTUP_HOME=/opt/rustwide/rustup-home" "-w" "/opt/rustwide/workdir" "-m" "1610612736" "--user" "0:0" "--network" "none" "rustops/crates-build-env@sha256:d92eaeed33fa75130ca1ee6c8a01d1ffb62bac859dfdfb3450e3e5d1c0146529" "/opt/rustwide/cargo-home/bin/cargo" "+af3c6e733a40e671550e0f0f5aeecaa13772ba56" "metadata" "--no-deps" "--format-version=1", kill_on_drop: false }`
[INFO] [stdout] 47c8ed36bd6e01a550cae3b349d1bf191b72c998857cdc78912cf85b3599aebf
[INFO] [stderr] WARNING: Your kernel does not support swap limit capabilities or the cgroup is not mounted. Memory limited without swap.
[INFO] running `Command { std: "docker" "start" "-a" "47c8ed36bd6e01a550cae3b349d1bf191b72c998857cdc78912cf85b3599aebf", kill_on_drop: false }`
[INFO] running `Command { std: "docker" "inspect" "47c8ed36bd6e01a550cae3b349d1bf191b72c998857cdc78912cf85b3599aebf", kill_on_drop: false }`
[INFO] running `Command { std: "docker" "rm" "-f" "47c8ed36bd6e01a550cae3b349d1bf191b72c998857cdc78912cf85b3599aebf", kill_on_drop: false }`
[INFO] [stdout] 47c8ed36bd6e01a550cae3b349d1bf191b72c998857cdc78912cf85b3599aebf
[INFO] running `Command { std: "docker" "create" "-v" "/var/lib/crater-agent-workspace/builds/worker-1/target:/opt/rustwide/target:rw,Z" "-v" "/var/lib/crater-agent-workspace/builds/worker-1/source:/opt/rustwide/workdir:ro,Z" "-v" "/var/lib/crater-agent-workspace/cargo-home:/opt/rustwide/cargo-home:ro,Z" "-v" "/var/lib/crater-agent-workspace/rustup-home:/opt/rustwide/rustup-home:ro,Z" "-e" "SOURCE_DIR=/opt/rustwide/workdir" "-e" "CARGO_TARGET_DIR=/opt/rustwide/target" "-e" "CARGO_INCREMENTAL=0" "-e" "RUST_BACKTRACE=full" "-e" "RUSTFLAGS=--cap-lints=forbid" "-e" "CARGO_HOME=/opt/rustwide/cargo-home" "-e" "RUSTUP_HOME=/opt/rustwide/rustup-home" "-w" "/opt/rustwide/workdir" "-m" "1610612736" "--user" "0:0" "--network" "none" "rustops/crates-build-env@sha256:d92eaeed33fa75130ca1ee6c8a01d1ffb62bac859dfdfb3450e3e5d1c0146529" "/opt/rustwide/cargo-home/bin/cargo" "+af3c6e733a40e671550e0f0f5aeecaa13772ba56" "check" "--frozen" "--all" "--all-targets" "--message-format=json", kill_on_drop: false }`
[INFO] [stdout] e218a3bd22978d0c8ef99891427fdc5256364ea4ff8478f83c9a873a78c2b32f
[INFO] [stderr] WARNING: Your kernel does not support swap limit capabilities or the cgroup is not mounted. Memory limited without swap.
[INFO] running `Command { std: "docker" "start" "-a" "e218a3bd22978d0c8ef99891427fdc5256364ea4ff8478f83c9a873a78c2b32f", kill_on_drop: false }`
[INFO] [stderr]     Checking num-traits v0.1.40
[INFO] [stderr]    Compiling gcc v0.3.51
[INFO] [stderr]     Checking libc v0.2.27
[INFO] [stderr]     Checking rand v0.3.16
[INFO] [stderr]     Checking num-integer v0.1.35
[INFO] [stderr]    Compiling ncurses v5.86.0
[INFO] [stderr]     Checking num-iter v0.1.34
[INFO] [stderr]     Checking num v0.1.40
[INFO] [stderr]     Checking float-cmp v0.2.5
[INFO] [stderr]     Checking cursed v0.1.0 (/opt/rustwide/workdir)
[INFO] [stdout] warning: unused import: `ncurses::CURSOR_VISIBILITY::CURSOR_INVISIBLE`
[INFO] [stdout]  --> src/main.rs:9:5
[INFO] [stdout]   |
[INFO] [stdout] 9 | use ncurses::CURSOR_VISIBILITY::CURSOR_INVISIBLE;
[INFO] [stdout]   |     ^^^^^^^^^^^^^^^^^^^^^^^^^^^^^^^^^^^^^^^^^^^^
[INFO] [stdout]   |
[INFO] [stdout]   = note: `#[warn(unused_imports)]` on by default
[INFO] [stdout] 
[INFO] [stdout] 
[INFO] [stdout] warning: unused import: `ncurses::CURSOR_VISIBILITY::CURSOR_INVISIBLE`
[INFO] [stdout]  --> src/main.rs:9:5
[INFO] [stdout]   |
[INFO] [stdout] 9 | use ncurses::CURSOR_VISIBILITY::CURSOR_INVISIBLE;
[INFO] [stdout]   |     ^^^^^^^^^^^^^^^^^^^^^^^^^^^^^^^^^^^^^^^^^^^^
[INFO] [stdout]   |
[INFO] [stdout]   = note: `#[warn(unused_imports)]` on by default
[INFO] [stdout] 
[INFO] [stdout] 
[INFO] [stdout] error[E0308]: mismatched types
[INFO] [stdout]   --> src/main.rs:33:33
[INFO] [stdout]    |
[INFO] [stdout] 33 |         mvaddch(self.y, self.x, self.c as u64);
[INFO] [stdout]    |                                 ^^^^^^^^^^^^^ expected `u32`, found `u64`
[INFO] [stdout]    |
[INFO] [stdout] help: you can convert an `u64` to `u32` and panic if the converted value wouldn't fit
[INFO] [stdout]    |
[INFO] [stdout] 33 |         mvaddch(self.y, self.x, (self.c as u64).try_into().unwrap());
[INFO] [stdout]    |                                 ^^^^^^^^^^^^^^^^^^^^^^^^^^^^^^^^^^^
[INFO] [stdout] 
[INFO] [stdout] 
[INFO] [stdout] error[E0308]: mismatched types
[INFO] [stdout]   --> src/main.rs:61:33
[INFO] [stdout]    |
[INFO] [stdout] 61 |         mvaddch(self.y, self.x, self.c as u64);
[INFO] [stdout]    |                                 ^^^^^^^^^^^^^ expected `u32`, found `u64`
[INFO] [stdout]    |
[INFO] [stdout] help: you can convert an `u64` to `u32` and panic if the converted value wouldn't fit
[INFO] [stdout]    |
[INFO] [stdout] 61 |         mvaddch(self.y, self.x, (self.c as u64).try_into().unwrap());
[INFO] [stdout]    |                                 ^^^^^^^^^^^^^^^^^^^^^^^^^^^^^^^^^^^
[INFO] [stdout] 
[INFO] [stdout] 
[INFO] [stdout] error[E0308]: mismatched types
[INFO] [stdout]   --> src/main.rs:33:33
[INFO] [stdout]    |
[INFO] [stdout] 33 |         mvaddch(self.y, self.x, self.c as u64);
[INFO] [stdout]    |                                 ^^^^^^^^^^^^^ expected `u32`, found `u64`
[INFO] [stdout]    |
[INFO] [stdout] help: you can convert an `u64` to `u32` and panic if the converted value wouldn't fit
[INFO] [stdout]    |
[INFO] [stdout] 33 |         mvaddch(self.y, self.x, (self.c as u64).try_into().unwrap());
[INFO] [stdout]    |                                 ^^^^^^^^^^^^^^^^^^^^^^^^^^^^^^^^^^^
[INFO] [stdout] 
[INFO] [stdout] 
[INFO] [stdout] error[E0308]: mismatched types
[INFO] [stdout]   --> src/main.rs:61:33
[INFO] [stdout]    |
[INFO] [stdout] 61 |         mvaddch(self.y, self.x, self.c as u64);
[INFO] [stdout]    |                                 ^^^^^^^^^^^^^ expected `u32`, found `u64`
[INFO] [stdout]    |
[INFO] [stdout] help: you can convert an `u64` to `u32` and panic if the converted value wouldn't fit
[INFO] [stdout]    |
[INFO] [stdout] 61 |         mvaddch(self.y, self.x, (self.c as u64).try_into().unwrap());
[INFO] [stdout]    |                                 ^^^^^^^^^^^^^^^^^^^^^^^^^^^^^^^^^^^
[INFO] [stdout] 
[INFO] [stdout] 
[INFO] [stdout] error: aborting due to 2 previous errors; 1 warning emitted
[INFO] [stdout] 
[INFO] [stdout] 
[INFO] [stdout] For more information about this error, try `rustc --explain E0308`.
[INFO] [stdout] 
[INFO] [stdout] error: aborting due to 2 previous errors; 1 warning emitted
[INFO] [stdout] 
[INFO] [stdout] 
[INFO] [stdout] For more information about this error, try `rustc --explain E0308`.
[INFO] [stdout] 
[INFO] [stderr] error: could not compile `cursed`.
[INFO] [stderr] 
[INFO] [stderr] To learn more, run the command again with --verbose.
[INFO] [stderr] warning: build failed, waiting for other jobs to finish...
[INFO] [stderr] error: build failed
[INFO] running `Command { std: "docker" "inspect" "e218a3bd22978d0c8ef99891427fdc5256364ea4ff8478f83c9a873a78c2b32f", kill_on_drop: false }`
[INFO] running `Command { std: "docker" "rm" "-f" "e218a3bd22978d0c8ef99891427fdc5256364ea4ff8478f83c9a873a78c2b32f", kill_on_drop: false }`
[INFO] [stdout] e218a3bd22978d0c8ef99891427fdc5256364ea4ff8478f83c9a873a78c2b32f
